*w - 16 = -6. Let b = -34 + 26. Let a = w - b. What is the units digit of a?
6
Let t(y) = -y**3 + 17*y**2 - 8*y - 18. Let d be 550/33 + 4/(-6). What is the hundreds digit of t(d)?
1
Suppose 0*v - 15 = -5*v. Suppose -v*w - 5 = 10, -5*c - 5*w = -15. What is the units digit of c?
8
Suppose 3*p - 3*d = 11274, 5*d + 15307 = 4*p + 278. What is the hundreds digit of p?
7
Suppose -c = 4*i + 107, -6*i - 330 = 3*c - 3*i. Let f(g) = 2*g**3 + 8*g**2 + 2*g - 6. Let x be f(-6). Let d = c - x. What is the tens digit of d?
5
What is the units digit of 39872/80 + 0 + (-6)/(-10)?
9
Let y = -39 - 56. Let m = y - -227. What is the tens digit of m?
3
Suppose -2*d = -5*d - 162. Let z be 180/d*(-3)/5. Suppose 0*w = -z*w + 100. What is the units digit of w?
0
Let g = -104 - -189. What is the tens digit of g?
8
Let u be 5/(((-8)/(-2))/4). Suppose -u*l + 61 + 234 = 0. What is the units digit of l?
9
Let f(s) = s**3 + 2 - 2*s**3 + 7*s**2 - 5*s - 14*s**2 - 3*s. What is the hundreds digit of f(-8)?
1
Let s(k) = 65*k**2 - 6*k - 16. What is the tens digit of s(-2)?
5
Suppose 2*f - 8 = -2*f. Suppose -6*g = -f*g - 12. What is the units digit of -1*(-45)/(g + 0)?
5
Let b(k) = k**2 - 7*k + 7. Let u be b(6). Let y be ((-5)/5)/(u/(-3)). Suppose -2*r = -19 - y. What is the tens digit of r?
1
What is the tens digit of ((-149)/2)/((-56)/112)?
4
Let p = 6971 - 4506. What is the units digit of p?
5
Let w(m) be the second derivative of 10*m**4/3 - m**3/3 - 3*m**2/2 + 6*m. What is the units digit of w(2)?
3
Suppose z - 3 = 1. Let s(c) = 7*c**2 - c + 1. Let g(k) = -3*k**2 + k - 1. Let v(x) = -5*g(x) - 2*s(x). What is the units digit of v(z)?
7
Let m = -3 + 8. Suppose 2*j - 2*w - 148 = 0, m*j - 2*j - w = 228. Suppose 4*o - j = 51. What is the tens digit of o?
3
Let y = -1502 + 2207. Suppose -5*d + y = 65. What is the tens digit of d?
2
Let q(x) = x**3 - 4*x**2 - 3*x - 6. Let z be q(5). Suppose 3*k - 661 = -z*c + 2*c, -3*k + c + 673 = 0. What is the tens digit of k?
2
Suppose 0*k + 3*k - 9 = 0. Suppose -2*t + 25 = k*t. Suppose -5*y - 16 = -3*z, 5*y - 1 + t = 2*z. What is the tens digit of z?
1
Let g(r) = r**3 + r**2 - r + 22. Let b(n) = -16*n. Let u be b(-1). Suppose -d + 2 = -5*w - 2, 4*d = -2*w + u. What is the tens digit of g(w)?
2
Let i = 1985 + -282. What is the hundreds digit of i?
7
Let p(d) be the first derivative of d**3/3 - 3*d**2 - 2*d - 4. Let j be p(-3). What is the units digit of j/(-5)*-5 + 2?
7
Suppose 0 = 5*q - 2*p - 57, -2*q + 2*p - p = -22. What is the tens digit of q*(0 + -28)/(-4)?
9
Let z be (-10)/(-5) - -3*1 - -2. Let i(p) = 2*p**2 - 2*p + 10. What is the tens digit of i(z)?
9
Suppose -4*x + 60 = -5*x. Let z = x + 128. Suppose 0*f + 4*f - z = 0. What is the tens digit of f?
1
Let g(i) = 738*i - 36. What is the units digit of g(1)?
2
Let p = -900 + 1798. What is the units digit of p?
8
Suppose -2926 = -15*c + 4*c. What is the units digit of c?
6
Let i be 2 + -1 + (-4)/(-2) - 1. Suppose -4*o - i*u - 56 + 1024 = 0, 3*o - 5*u = 739. What is the hundreds digit of o?
2
Suppose -4*g - y - 225 = -0*y, -123 = 2*g - 3*y. Let d = g - -100. Suppose 6*r - 5 = d. What is the units digit of r?
8
Let d(m) = m**2 - 4*m - 5. Let c be d(-7). Suppose -c = -16*t + 13*t. What is the units digit of t?
4
Let i = 523 - 256. Suppose -5*r = 4*m - 291, 5*r = -0*r + 2*m + i. Suppose r - 16 = v. What is the units digit of v?
9
Suppose 18*l - 60515 = -17*l. What is the hundreds digit of l?
7
Suppose -11 = -3*h + 64. Let i be 10/h - 23/(-5). Suppose n = -3*r + 40, r + i*n = -0*r + 32. What is the tens digit of r?
1
Let r(o) = -o**3 - 8*o**2 + 14*o**2 + 4 - 4*o + 2*o**3. Let i be r(-6). Let f = 60 - i. What is the units digit of f?
2
Let a = 7 - 10. What is the units digit of ((-440)/6)/(2/a)?
0
Let g(p) = 3*p - 14. Let h be g(7). Suppose h - 43 = -i. What is the tens digit of i?
3
Let c(k) = 3*k**2 + 2*k + 1. Let d be c(-1). Suppose -10*r + 136 = -9*r - 4*z, 0 = 2*z - d. What is the tens digit of r?
4
Let v be 2 + -1 + 0 + (-110)/11. Let q(l) = l**2 + 13. What is the tens digit of q(v)?
9
Suppose -3*z = 3*z - 12. Suppose s - z*s = -116. What is the tens digit of s?
1
What is the units digit of ((-146)/4)/(-2 + (-54)/(-28))?
1
Suppose -t - k + 4 = t, -2*t + 24 = -4*k. Suppose -258 = j - t*j. What is the tens digit of j?
8
Let r(l) = -2 + 1 + 10 + l + 0. Let j be r(-11). What is the tens digit of j/6 - (-174)/9?
1
Let q = 21 - 5. Let j = q + -11. What is the units digit of j?
5
Suppose 377 = -2*q - c + 2583, 0 = -5*q + 4*c + 5515. What is the thousands digit of q?
1
Suppose -6*q + 2*q - 76 = 0. Let g = 81 + q. What is the tens digit of g?
6
Let v(q) = -2*q + 22. Let a(p) = -18*p**2 - 2*p - 1. Suppose 0 = 3*i + 2*i + 5. Let m be a(i). What is the units digit of v(m)?
6
Suppose -5*x + 0*h + h + 13804 = 0, h + 5524 = 2*x. Suppose 3*a - x = -7*a. What is the tens digit of a?
7
Let o = -376 - -1882. What is the units digit of o?
6
Suppose -4*b + 181 + 4719 = 4*x, 0 = -3*x + 12. What is the tens digit of b?
2
Suppose 0 = 2*a + 4, 2*a + 4840 = 15*s - 14*s. What is the thousands digit of s?
4
Let l be (-6)/(-10) + (-17)/(680/(-256)). What is the tens digit of 546/2 + (-7)/l?
7
Let l be ((-372)/(-6))/(2/1). Suppose 5*j - 2 = -4*t + 31, 3*t - l = -5*j. What is the units digit of t?
2
Let u(i) = i**2 - 5*i - 2. Suppose t + 2 + 0 = 0. What is the units digit of u(t)?
2
Let f be -332 + 3 - (-2 - 2). Let b = 542 + f. What is the tens digit of b?
1
Suppose 0 = -m + 13 - 8. Let k(s) = s**3 - 5*s**2 + 3*s - 7. Let n be k(m). Let x = -1 + n. What is the units digit of x?
7
Let n(o) = 10*o**2 + o + 2. Let t be -2 + -2 + 60/10. What is the units digit of n(t)?
4
Suppose 0 = 5*y - 219 - 76. Let q = -31 + y. What is the units digit of q?
8
Let v(s) = 402*s - 1. What is the units digit of v(2)?
3
Let f(t) = 4*t**2 + 46*t - 49. What is the tens digit of f(11)?
4
What is the hundreds digit of (-48)/32*((-14588)/3)/7?
0
Let o = 1 - 5. Let n(l) = l**3 + 2*l**2 - 4*l + 1. Let h be n(o). What is the tens digit of (24/5)/((-2)/h)?
3
Let f be (206/(-8))/((-7)/56). Suppose 2*c - f = 2*q, -c + q = 2*q - 103. What is the tens digit of c?
0
Let b be (42/(-8))/(15/(-80)). Suppose m + m - b = -2*j, 0 = 4*m. What is the tens digit of j?
1
Let l = 7 + -5. Suppose 2*h + 2*y + 0 = l, 2*h = -3*y + 1. Suppose -s = -t + 6, -t - 15 = -2*t - h*s. What is the units digit of t?
9
What is the tens digit of 8974/26 + 58/(-377)?
4
Let w be ((-2)/(-2))/(1/19). Suppose 5*q = 0, -1 - 59 = -5*y + 5*q. Let p = w + y. What is the tens digit of p?
3
Suppose -2*x - 1884 = 2*x. What is the units digit of 7*(-1 - x/21)?
0
Suppose 2*o - 18102 = -12*o. What is the tens digit of o?
9
Suppose -l = l - 18. Suppose 3*u = 9, -3*s - 18 - l = -5*u. What is the tens digit of (s/(-5))/(4/230)?
4
Let f = 21 - -6. Let n = f + 2. What is the tens digit of n?
2
Let l = 52 - 48. Suppose -k - 4*t + 131 = 0, -4*k + k + l*t + 377 = 0. What is the tens digit of k?
2
Let s = 17 - 32. Let i be (-4)/(-10) - 624/s. Suppose -5*k - 8 = 4*n - 64, -k + i = 3*n. What is the units digit of n?
4
What is the hundreds digit of 1/(15/70)*57?
2
Let f(p) = 4*p**2 + 7*p + 40. What is the tens digit of f(-12)?
3
Let z = -44 - -49. Suppose -z*y + 4*l = l - 390, 4*l - 390 = -5*y. What is the units digit of y?
8
Suppose 4*r = -0*r. Suppose -2*l - 4*s + 63 + 23 = r, -3*l - s + 114 = 0. What is the tens digit of -2 + -1 + l - -3?
3
Let p be 6/9 + (-196)/(-3). Suppose -p = 3*v - 6. What is the tens digit of (-385)/v - 1/4?
1
Let l = -273 + 329. What is the tens digit of l?
5
Let b = 1030 + 319. What is the units digit of b?
9
Let y = -3156 + 4785. What is the units digit of y?
9
Suppose d = 3 - 3. What is the tens digit of (d + 1)/((3/43)/3)?
4
Let t be 2/(-10) + (-59)/5. What is the tens digit of ((-146)/t)/((-1)/(-6))?
7
Let y = -53 + 32. Let a = -15 - y. What is the units digit of a?
6
Suppose g - 3185 = -3*v, 4*v + 2095 = -g + 6342. What is the thousands digit of v?
1
Suppose c + 0*c - 5 = 0. Suppose 44 = 4*a - 0*a - 4*q, -3*a + 65 = c*q. Suppose 0 = l + 3*s - 26, -6*s + 3*s = a. What is the tens digit of l?
4
Let k = -44 - -34. What is the tens digit of (((-15)/k)/(-3))/((-1)/178)?
8
Suppose -2*q = -4*w + 2404, -5*w + 3*w + 4*q = -1202. What is the tens digit of w?
0
Let i = -11 - -13. Suppose